[INFO] cloning repository https://github.com/martindevans/Intent
[INFO] running `Command { std: "git" "-c" "credential.helper=" "-c" "credential.helper=/workspace/cargo-home/bin/git-credential-null" "clone" "--bare" "https://github.com/martindevans/Intent" "/workspace/cache/git-repos/https%3A%2F%2Fgithub.com%2Fmartindevans%2FIntent", kill_on_drop: false }`
[INFO] [stderr] Cloning into bare repository '/workspace/cache/git-repos/https%3A%2F%2Fgithub.com%2Fmartindevans%2FIntent'...
[INFO] running `Command { std: "git" "rev-parse" "HEAD", kill_on_drop: false }`
[INFO] [stdout] e770ebb5eb62d6a8ad5ef166740c45ee20376d2e
[INFO] checking martindevans/Intent against try#72f88fc4e9458f89516a0b8b0868f3718aec5b47 for pr-74989
[INFO] running `Command { std: "git" "clone" "/workspace/cache/git-repos/https%3A%2F%2Fgithub.com%2Fmartindevans%2FIntent" "/workspace/builds/worker-3/source", kill_on_drop: false }`
[INFO] [stderr] Cloning into '/workspace/builds/worker-3/source'...
[INFO] [stderr] done.
[INFO] validating manifest of git repo https://github.com/martindevans/Intent on toolchain 72f88fc4e9458f89516a0b8b0868f3718aec5b47
[INFO] running `Command { std: "/workspace/cargo-home/bin/cargo" "+72f88fc4e9458f89516a0b8b0868f3718aec5b47" "read-manifest" "--manifest-path" "Cargo.toml", kill_on_drop: false }`
[INFO] started tweaking git repo https://github.com/martindevans/Intent
[INFO] finished tweaking git repo https://github.com/martindevans/Intent
[INFO] tweaked toml for git repo https://github.com/martindevans/Intent written to /workspace/builds/worker-3/source/Cargo.toml
[INFO] crate git repo https://github.com/martindevans/Intent already has a lockfile, it will not be regenerated
[INFO] running `Command { std: "/workspace/cargo-home/bin/cargo" "+72f88fc4e9458f89516a0b8b0868f3718aec5b47" "fetch" "--locked" "--manifest-path" "Cargo.toml", kill_on_drop: false }`
[INFO] running `Command { std: "docker" "create" "-v" "/var/lib/crater-agent-workspace/builds/worker-3/target:/opt/rustwide/target:rw,Z" "-v" "/var/lib/crater-agent-workspace/builds/worker-3/source:/opt/rustwide/workdir:ro,Z" "-v" "/var/lib/crater-agent-workspace/cargo-home:/opt/rustwide/cargo-home:ro,Z" "-v" "/var/lib/crater-agent-workspace/rustup-home:/opt/rustwide/rustup-home:ro,Z" "-e" "SOURCE_DIR=/opt/rustwide/workdir" "-e" "CARGO_TARGET_DIR=/opt/rustwide/target" "-e" "CARGO_HOME=/opt/rustwide/cargo-home" "-e" "RUSTUP_HOME=/opt/rustwide/rustup-home" "-w" "/opt/rustwide/workdir" "-m" "1610612736" "--user" "0:0" "--network" "none" "rustops/crates-build-env@sha256:d92eaeed33fa75130ca1ee6c8a01d1ffb62bac859dfdfb3450e3e5d1c0146529" "/opt/rustwide/cargo-home/bin/cargo" "+72f88fc4e9458f89516a0b8b0868f3718aec5b47" "metadata" "--no-deps" "--format-version=1", kill_on_drop: false }`
[INFO] [stdout] 464a82164208000d970e743858b23919831c6b79be13a95f24561c9797b4a38c
[INFO] [stderr] WARNING: Your kernel does not support swap limit capabilities or the cgroup is not mounted. Memory limited without swap.
[INFO] running `Command { std: "docker" "start" "-a" "464a82164208000d970e743858b23919831c6b79be13a95f24561c9797b4a38c", kill_on_drop: false }`
[INFO] running `Command { std: "docker" "inspect" "464a82164208000d970e743858b23919831c6b79be13a95f24561c9797b4a38c", kill_on_drop: false }`
[INFO] running `Command { std: "docker" "rm" "-f" "464a82164208000d970e743858b23919831c6b79be13a95f24561c9797b4a38c", kill_on_drop: false }`
[INFO] [stdout] 464a82164208000d970e743858b23919831c6b79be13a95f24561c9797b4a38c
[INFO] running `Command { std: "docker" "create" "-v" "/var/lib/crater-agent-workspace/builds/worker-3/target:/opt/rustwide/target:rw,Z" "-v" "/var/lib/crater-agent-workspace/builds/worker-3/source:/opt/rustwide/workdir:ro,Z" "-v" "/var/lib/crater-agent-workspace/cargo-home:/opt/rustwide/cargo-home:ro,Z" "-v" "/var/lib/crater-agent-workspace/rustup-home:/opt/rustwide/rustup-home:ro,Z" "-e" "SOURCE_DIR=/opt/rustwide/workdir" "-e" "CARGO_TARGET_DIR=/opt/rustwide/target" "-e" "CARGO_INCREMENTAL=0" "-e" "RUST_BACKTRACE=full" "-e" "RUSTFLAGS=--cap-lints=forbid" "-e" "CARGO_HOME=/opt/rustwide/cargo-home" "-e" "RUSTUP_HOME=/opt/rustwide/rustup-home" "-w" "/opt/rustwide/workdir" "-m" "1610612736" "--user" "0:0" "--network" "none" "rustops/crates-build-env@sha256:d92eaeed33fa75130ca1ee6c8a01d1ffb62bac859dfdfb3450e3e5d1c0146529" "/opt/rustwide/cargo-home/bin/cargo" "+72f88fc4e9458f89516a0b8b0868f3718aec5b47" "check" "--frozen" "--all" "--all-targets" "--message-format=json", kill_on_drop: false }`
[INFO] [stderr] WARNING: Your kernel does not support swap limit capabilities or the cgroup is not mounted. Memory limited without swap.
[INFO] [stdout] fa29d2655576c0f40d24b8cbf9bd39ebbaf8ecb48a80c6944c1a752f273a3d3e
[INFO] running `Command { std: "docker" "start" "-a" "fa29d2655576c0f40d24b8cbf9bd39ebbaf8ecb48a80c6944c1a752f273a3d3e", kill_on_drop: false }`
[INFO] [stderr]     Checking intent v0.1.0 (/opt/rustwide/workdir)
[INFO] [stdout] error[E0425]: cannot find function, tuple struct or tuple variant `Cell` in this scope
[INFO] [stdout]    --> src/lib.rs:171:23
[INFO] [stdout]     |
[INFO] [stdout] 171 |         let r = eval(&Cell(
[INFO] [stdout]     |                       ^^^^ not found in this scope
[INFO] [stdout]     |
[INFO] [stdout] help: consider importing this tuple variant
[INFO] [stdout]     |
[INFO] [stdout] 165 |     use Value::Cell;
[INFO] [stdout]     |
[INFO] [stdout] 
[INFO] [stdout] 
[INFO] [stdout] error[E0425]: cannot find function, tuple struct or tuple variant `Atom` in this scope
[INFO] [stdout]    --> src/lib.rs:172:21
[INFO] [stdout]     |
[INFO] [stdout] 172 |             Rc::new(Atom(0)),
[INFO] [stdout]     |                     ^^^^ not found in this scope
[INFO] [stdout]     |
[INFO] [stdout] help: consider importing this tuple variant
[INFO] [stdout]     |
[INFO] [stdout] 165 |     use Value::Atom;
[INFO] [stdout]     |
[INFO] [stdout] 
[INFO] [stdout] 
[INFO] [stdout] error[E0425]: cannot find value `Error` in this scope
[INFO] [stdout]    --> src/lib.rs:173:21
[INFO] [stdout]     |
[INFO] [stdout] 173 |             Rc::new(Error)
[INFO] [stdout]     |                     ^^^^^ not found in this scope
[INFO] [stdout]     |
[INFO] [stdout] help: consider importing one of these items
[INFO] [stdout]     |
[INFO] [stdout] 165 |     use Value::Error;
[INFO] [stdout]     |
[INFO] [stdout] 165 |     use std::fmt::Error;
[INFO] [stdout]     |
[INFO] [stdout] 
[INFO] [stdout] 
[INFO] [stdout] error[E0425]: cannot find function, tuple struct or tuple variant `Cell` in this scope
[INFO] [stdout]    --> src/lib.rs:185:23
[INFO] [stdout]     |
[INFO] [stdout] 185 |         let r = eval(&Cell(
[INFO] [stdout]     |                       ^^^^ not found in this scope
[INFO] [stdout]     |
[INFO] [stdout] help: consider importing this tuple variant
[INFO] [stdout]     |
[INFO] [stdout] 165 |     use Value::Cell;
[INFO] [stdout]     |
[INFO] [stdout] 
[INFO] [stdout] 
[INFO] [stdout] error[E0425]: cannot find function, tuple struct or tuple variant `Atom` in this scope
[INFO] [stdout]    --> src/lib.rs:186:21
[INFO] [stdout]     |
[INFO] [stdout] 186 |             Rc::new(Atom(0)),
[INFO] [stdout]     |                     ^^^^ not found in this scope
[INFO] [stdout]     |
[INFO] [stdout] help: consider importing this tuple variant
[INFO] [stdout]     |
[INFO] [stdout] 165 |     use Value::Atom;
[INFO] [stdout]     |
[INFO] [stdout] 
[INFO] [stdout] 
[INFO] [stdout] error[E0425]: cannot find function, tuple struct or tuple variant `Cell` in this scope
[INFO] [stdout]    --> src/lib.rs:187:21
[INFO] [stdout]     |
[INFO] [stdout] 187 |             Rc::new(Cell(
[INFO] [stdout]     |                     ^^^^ not found in this scope
[INFO] [stdout]     |
[INFO] [stdout] help: consider importing this tuple variant
[INFO] [stdout]     |
[INFO] [stdout] 165 |     use Value::Cell;
[INFO] [stdout]     |
[INFO] [stdout] 
[INFO] [stdout] 
[INFO] [stdout] error[E0425]: cannot find function, tuple struct or tuple variant `Atom` in this scope
[INFO] [stdout]    --> src/lib.rs:188:25
[INFO] [stdout]     |
[INFO] [stdout] 188 |                 Rc::new(Atom(1)),
[INFO] [stdout]     |                         ^^^^ not found in this scope
[INFO] [stdout]     |
[INFO] [stdout] help: consider importing this tuple variant
[INFO] [stdout]     |
[INFO] [stdout] 165 |     use Value::Atom;
[INFO] [stdout]     |
[INFO] [stdout] 
[INFO] [stdout] 
[INFO] [stdout] error[E0425]: cannot find function, tuple struct or tuple variant `Atom` in this scope
[INFO] [stdout]    --> src/lib.rs:189:25
[INFO] [stdout]     |
[INFO] [stdout] 189 |                 Rc::new(Atom(2)),
[INFO] [stdout]     |                         ^^^^ not found in this scope
[INFO] [stdout]     |
[INFO] [stdout] help: consider importing this tuple variant
[INFO] [stdout]     |
[INFO] [stdout] 165 |     use Value::Atom;
[INFO] [stdout]     |
[INFO] [stdout] 
[INFO] [stdout] 
[INFO] [stdout] error[E0531]: cannot find tuple struct or tuple variant `Atom` in this scope
[INFO] [stdout]    --> src/lib.rs:194:13
[INFO] [stdout]     |
[INFO] [stdout] 194 |             Atom(1) => assert!(true),
[INFO] [stdout]     |             ^^^^ not found in this scope
[INFO] [stdout]     |
[INFO] [stdout] help: consider importing this tuple variant
[INFO] [stdout]     |
[INFO] [stdout] 165 |     use Value::Atom;
[INFO] [stdout]     |
[INFO] [stdout] 
[INFO] [stdout] 
[INFO] [stdout] error[E0425]: cannot find function, tuple struct or tuple variant `Cell` in this scope
[INFO] [stdout]    --> src/lib.rs:202:23
[INFO] [stdout]     |
[INFO] [stdout] 202 |         let r = eval(&Cell(
[INFO] [stdout]     |                       ^^^^ not found in this scope
[INFO] [stdout]     |
[INFO] [stdout] help: consider importing this tuple variant
[INFO] [stdout]     |
[INFO] [stdout] 165 |     use Value::Cell;
[INFO] [stdout]     |
[INFO] [stdout] 
[INFO] [stdout] 
[INFO] [stdout] error[E0425]: cannot find function, tuple struct or tuple variant `Atom` in this scope
[INFO] [stdout]    --> src/lib.rs:203:21
[INFO] [stdout]     |
[INFO] [stdout] 203 |             Rc::new(Atom(0)),
[INFO] [stdout]     |                     ^^^^ not found in this scope
[INFO] [stdout]     |
[INFO] [stdout] help: consider importing this tuple variant
[INFO] [stdout]     |
[INFO] [stdout] 165 |     use Value::Atom;
[INFO] [stdout]     |
[INFO] [stdout] 
[INFO] [stdout] 
[INFO] [stdout] error[E0425]: cannot find function, tuple struct or tuple variant `Atom` in this scope
[INFO] [stdout]    --> src/lib.rs:204:21
[INFO] [stdout]     |
[INFO] [stdout] 204 |             Rc::new(Atom(1))
[INFO] [stdout]     |                     ^^^^ not found in this scope
[INFO] [stdout]     |
[INFO] [stdout] help: consider importing this tuple variant
[INFO] [stdout]     |
[INFO] [stdout] 165 |     use Value::Atom;
[INFO] [stdout]     |
[INFO] [stdout] 
[INFO] [stdout] 
[INFO] [stdout] error[E0531]: cannot find tuple struct or tuple variant `Atom` in this scope
[INFO] [stdout]    --> src/lib.rs:208:13
[INFO] [stdout]     |
[INFO] [stdout] 208 |             Atom(0) => assert!(true),
[INFO] [stdout]     |             ^^^^ not found in this scope
[INFO] [stdout]     |
[INFO] [stdout] help: consider importing this tuple variant
[INFO] [stdout]     |
[INFO] [stdout] 165 |     use Value::Atom;
[INFO] [stdout]     |
[INFO] [stdout] 
[INFO] [stdout] 
[INFO] [stdout] error[E0425]: cannot find function, tuple struct or tuple variant `Atom` in this scope
[INFO] [stdout]    --> src/lib.rs:215:22
[INFO] [stdout]     |
[INFO] [stdout] 215 |         let r = sub(&Atom(-1));
[INFO] [stdout]     |                      ^^^^ not found in this scope
[INFO] [stdout]     |
[INFO] [stdout] help: consider importing this tuple variant
[INFO] [stdout]     |
[INFO] [stdout] 165 |     use Value::Atom;
[INFO] [stdout]     |
[INFO] [stdout] 
[INFO] [stdout] 
[INFO] [stdout] error[E0531]: cannot find tuple struct or tuple variant `Atom` in this scope
[INFO] [stdout]    --> src/lib.rs:218:13
[INFO] [stdout]     |
[INFO] [stdout] 218 |             Atom(1) => assert!(true),
[INFO] [stdout]     |             ^^^^ not found in this scope
[INFO] [stdout]     |
[INFO] [stdout] help: consider importing this tuple variant
[INFO] [stdout]     |
[INFO] [stdout] 165 |     use Value::Atom;
[INFO] [stdout]     |
[INFO] [stdout] 
[INFO] [stdout] 
[INFO] [stdout] error[E0425]: cannot find value `Error` in this scope
[INFO] [stdout]    --> src/lib.rs:225:22
[INFO] [stdout]     |
[INFO] [stdout] 225 |         let r = sub(&Error);
[INFO] [stdout]     |                      ^^^^^ not found in this scope
[INFO] [stdout]     |
[INFO] [stdout] help: consider importing one of these items
[INFO] [stdout]     |
[INFO] [stdout] 165 |     use Value::Error;
[INFO] [stdout]     |
[INFO] [stdout] 165 |     use std::fmt::Error;
[INFO] [stdout]     |
[INFO] [stdout] 
[INFO] [stdout] 
[INFO] [stdout] error[E0425]: cannot find function, tuple struct or tuple variant `Cell` in this scope
[INFO] [stdout]    --> src/lib.rs:235:22
[INFO] [stdout]     |
[INFO] [stdout] 235 |         let r = sub(&Cell(
[INFO] [stdout]     |                      ^^^^ not found in this scope
[INFO] [stdout]     |
[INFO] [stdout] help: consider importing this tuple variant
[INFO] [stdout]     |
[INFO] [stdout] 165 |     use Value::Cell;
[INFO] [stdout]     |
[INFO] [stdout] 
[INFO] [stdout] 
[INFO] [stdout] error[E0425]: cannot find function, tuple struct or tuple variant `Atom` in this scope
[INFO] [stdout]    --> src/lib.rs:236:21
[INFO] [stdout]     |
[INFO] [stdout] 236 |             Rc::new(Atom(1)),
[INFO] [stdout]     |                     ^^^^ not found in this scope
[INFO] [stdout]     |
[INFO] [stdout] help: consider importing this tuple variant
[INFO] [stdout]     |
[INFO] [stdout] 165 |     use Value::Atom;
[INFO] [stdout]     |
[INFO] [stdout] 
[INFO] [stdout] 
[INFO] [stdout] error[E0425]: cannot find function, tuple struct or tuple variant `Atom` in this scope
[INFO] [stdout]    --> src/lib.rs:237:21
[INFO] [stdout]     |
[INFO] [stdout] 237 |             Rc::new(Atom(2)),
[INFO] [stdout]     |                     ^^^^ not found in this scope
[INFO] [stdout]     |
[INFO] [stdout] help: consider importing this tuple variant
[INFO] [stdout]     |
[INFO] [stdout] 165 |     use Value::Atom;
[INFO] [stdout]     |
[INFO] [stdout] 
[INFO] [stdout] 
[INFO] [stdout] error[E0531]: cannot find tuple struct or tuple variant `Atom` in this scope
[INFO] [stdout]    --> src/lib.rs:241:13
[INFO] [stdout]     |
[INFO] [stdout] 241 |             Atom(-1) => assert!(true),
[INFO] [stdout]     |             ^^^^ not found in this scope
[INFO] [stdout]     |
[INFO] [stdout] help: consider importing this tuple variant
[INFO] [stdout]     |
[INFO] [stdout] 165 |     use Value::Atom;
[INFO] [stdout]     |
[INFO] [stdout] 
[INFO] [stdout] 
[INFO] [stdout] error[E0425]: cannot find function, tuple struct or tuple variant `Cell` in this scope
[INFO] [stdout]    --> src/lib.rs:248:22
[INFO] [stdout]     |
[INFO] [stdout] 248 |         let r = sub(&Cell(
[INFO] [stdout]     |                      ^^^^ not found in this scope
[INFO] [stdout]     |
[INFO] [stdout] help: consider importing this tuple variant
[INFO] [stdout]     |
[INFO] [stdout] 165 |     use Value::Cell;
[INFO] [stdout]     |
[INFO] [stdout] 
[INFO] [stdout] 
[INFO] [stdout] error[E0425]: cannot find function, tuple struct or tuple variant `Cell` in this scope
[INFO] [stdout]    --> src/lib.rs:249:21
[INFO] [stdout]     |
[INFO] [stdout] 249 |             Rc::new(Cell(
[INFO] [stdout]     |                     ^^^^ not found in this scope
[INFO] [stdout]     |
[INFO] [stdout] help: consider importing this tuple variant
[INFO] [stdout]     |
[INFO] [stdout] 165 |     use Value::Cell;
[INFO] [stdout]     |
[INFO] [stdout] 
[INFO] [stdout] 
[INFO] [stdout] error[E0425]: cannot find function, tuple struct or tuple variant `Atom` in this scope
[INFO] [stdout]    --> src/lib.rs:250:25
[INFO] [stdout]     |
[INFO] [stdout] 250 |                 Rc::new(Atom(1)),
[INFO] [stdout]     |                         ^^^^ not found in this scope
[INFO] [stdout]     |
[INFO] [stdout] help: consider importing this tuple variant
[INFO] [stdout]     |
[INFO] [stdout] 165 |     use Value::Atom;
[INFO] [stdout]     |
[INFO] [stdout] 
[INFO] [stdout] 
[INFO] [stdout] error[E0425]: cannot find function, tuple struct or tuple variant `Atom` in this scope
[INFO] [stdout]    --> src/lib.rs:251:25
[INFO] [stdout]     |
[INFO] [stdout] 251 |                 Rc::new(Atom(2))
[INFO] [stdout]     |                         ^^^^ not found in this scope
[INFO] [stdout]     |
[INFO] [stdout] help: consider importing this tuple variant
[INFO] [stdout]     |
[INFO] [stdout] 165 |     use Value::Atom;
[INFO] [stdout]     |
[INFO] [stdout] 
[INFO] [stdout] 
[INFO] [stdout] error[E0425]: cannot find function, tuple struct or tuple variant `Atom` in this scope
[INFO] [stdout]    --> src/lib.rs:253:21
[INFO] [stdout]     |
[INFO] [stdout] 253 |             Rc::new(Atom(3))
[INFO] [stdout]     |                     ^^^^ not found in this scope
[INFO] [stdout]     |
[INFO] [stdout] help: consider importing this tuple variant
[INFO] [stdout]     |
[INFO] [stdout] 165 |     use Value::Atom;
[INFO] [stdout]     |
[INFO] [stdout] 
[INFO] [stdout] 
[INFO] [stdout] error[E0531]: cannot find tuple struct or tuple variant `Cell` in this scope
[INFO] [stdout]    --> src/lib.rs:257:13
[INFO] [stdout]     |
[INFO] [stdout] 257 |             Cell(a, b) => {
[INFO] [stdout]     |             ^^^^ not found in this scope
[INFO] [stdout]     |
[INFO] [stdout] help: consider importing this tuple variant
[INFO] [stdout]     |
[INFO] [stdout] 165 |     use Value::Cell;
[INFO] [stdout]     |
[INFO] [stdout] 
[INFO] [stdout] 
[INFO] [stdout] error[E0425]: cannot find function, tuple struct or tuple variant `Cell` in this scope
[INFO] [stdout]    --> src/lib.rs:269:22
[INFO] [stdout]     |
[INFO] [stdout] 269 |         let r = sub(&Cell(
[INFO] [stdout]     |                      ^^^^ not found in this scope
[INFO] [stdout]     |
[INFO] [stdout] help: consider importing this tuple variant
[INFO] [stdout]     |
[INFO] [stdout] 165 |     use Value::Cell;
[INFO] [stdout]     |
[INFO] [stdout] 
[INFO] [stdout] 
[INFO] [stdout] error[E0425]: cannot find function, tuple struct or tuple variant `Atom` in this scope
[INFO] [stdout]    --> src/lib.rs:270:21
[INFO] [stdout]     |
[INFO] [stdout] 270 |             Rc::new(Atom(3)),
[INFO] [stdout]     |                     ^^^^ not found in this scope
[INFO] [stdout]     |
[INFO] [stdout] help: consider importing this tuple variant
[INFO] [stdout]     |
[INFO] [stdout] 165 |     use Value::Atom;
[INFO] [stdout]     |
[INFO] [stdout] 
[INFO] [stdout] 
[INFO] [stdout] error[E0425]: cannot find function, tuple struct or tuple variant `Cell` in this scope
[INFO] [stdout]    --> src/lib.rs:271:21
[INFO] [stdout]     |
[INFO] [stdout] 271 |             Rc::new(Cell(
[INFO] [stdout]     |                     ^^^^ not found in this scope
[INFO] [stdout]     |
[INFO] [stdout] help: consider importing this tuple variant
[INFO] [stdout]     |
[INFO] [stdout] 165 |     use Value::Cell;
[INFO] [stdout]     |
[INFO] [stdout] 
[INFO] [stdout] 
[INFO] [stdout] error[E0425]: cannot find function, tuple struct or tuple variant `Atom` in this scope
[INFO] [stdout]    --> src/lib.rs:272:25
[INFO] [stdout]     |
[INFO] [stdout] 272 |                 Rc::new(Atom(1)),
[INFO] [stdout]     |                         ^^^^ not found in this scope
[INFO] [stdout]     |
[INFO] [stdout] help: consider importing this tuple variant
[INFO] [stdout]     |
[INFO] [stdout] 165 |     use Value::Atom;
[INFO] [stdout]     |
[INFO] [stdout] 
[INFO] [stdout] 
[INFO] [stdout] error[E0425]: cannot find function, tuple struct or tuple variant `Atom` in this scope
[INFO] [stdout]    --> src/lib.rs:273:25
[INFO] [stdout]     |
[INFO] [stdout] 273 |                 Rc::new(Atom(2))
[INFO] [stdout]     |                         ^^^^ not found in this scope
[INFO] [stdout]     |
[INFO] [stdout] help: consider importing this tuple variant
[INFO] [stdout]     |
[INFO] [stdout] 165 |     use Value::Atom;
[INFO] [stdout]     |
[INFO] [stdout] 
[INFO] [stdout] 
[INFO] [stdout] error[E0531]: cannot find tuple struct or tuple variant `Cell` in this scope
[INFO] [stdout]    --> src/lib.rs:278:13
[INFO] [stdout]     |
[INFO] [stdout] 278 |             Cell(a, b) => {
[INFO] [stdout]     |             ^^^^ not found in this scope
[INFO] [stdout]     |
[INFO] [stdout] help: consider importing this tuple variant
[INFO] [stdout]     |
[INFO] [stdout] 165 |     use Value::Cell;
[INFO] [stdout]     |
[INFO] [stdout] 
[INFO] [stdout] 
[INFO] [stdout] error[E0425]: cannot find function, tuple struct or tuple variant `Cell` in this scope
[INFO] [stdout]    --> src/lib.rs:290:22
[INFO] [stdout]     |
[INFO] [stdout] 290 |         let r = sub(&Cell(
[INFO] [stdout]     |                      ^^^^ not found in this scope
[INFO] [stdout]     |
[INFO] [stdout] help: consider importing this tuple variant
[INFO] [stdout]     |
[INFO] [stdout] 165 |     use Value::Cell;
[INFO] [stdout]     |
[INFO] [stdout] 
[INFO] [stdout] 
[INFO] [stdout] error[E0425]: cannot find function, tuple struct or tuple variant `Cell` in this scope
[INFO] [stdout]    --> src/lib.rs:291:21
[INFO] [stdout]     |
[INFO] [stdout] 291 |             Rc::new(Cell(
[INFO] [stdout]     |                     ^^^^ not found in this scope
[INFO] [stdout]     |
[INFO] [stdout] help: consider importing this tuple variant
[INFO] [stdout]     |
[INFO] [stdout] 165 |     use Value::Cell;
[INFO] [stdout]     |
[INFO] [stdout] 
[INFO] [stdout] 
[INFO] [stdout] error[E0425]: cannot find function, tuple struct or tuple variant `Atom` in this scope
[INFO] [stdout]    --> src/lib.rs:292:25
[INFO] [stdout]     |
[INFO] [stdout] 292 |                 Rc::new(Atom(1)),
[INFO] [stdout]     |                         ^^^^ not found in this scope
[INFO] [stdout]     |
[INFO] [stdout] help: consider importing this tuple variant
[INFO] [stdout]     |
[INFO] [stdout] 165 |     use Value::Atom;
[INFO] [stdout]     |
[INFO] [stdout] 
[INFO] [stdout] 
[INFO] [stdout] error[E0425]: cannot find function, tuple struct or tuple variant `Atom` in this scope
[INFO] [stdout]    --> src/lib.rs:293:25
[INFO] [stdout]     |
[INFO] [stdout] 293 |                 Rc::new(Atom(2))
[INFO] [stdout]     |                         ^^^^ not found in this scope
[INFO] [stdout]     |
[INFO] [stdout] help: consider importing this tuple variant
[INFO] [stdout]     |
[INFO] [stdout] 165 |     use Value::Atom;
[INFO] [stdout]     |
[INFO] [stdout] 
[INFO] [stdout] 
[INFO] [stdout] error[E0425]: cannot find function, tuple struct or tuple variant `Cell` in this scope
[INFO] [stdout]    --> src/lib.rs:295:21
[INFO] [stdout]     |
[INFO] [stdout] 295 |             Rc::new(Cell(
[INFO] [stdout]     |                     ^^^^ not found in this scope
[INFO] [stdout]     |
[INFO] [stdout] help: consider importing this tuple variant
[INFO] [stdout]     |
[INFO] [stdout] 165 |     use Value::Cell;
[INFO] [stdout]     |
[INFO] [stdout] 
[INFO] [stdout] 
[INFO] [stdout] error[E0425]: cannot find function, tuple struct or tuple variant `Atom` in this scope
[INFO] [stdout]    --> src/lib.rs:296:25
[INFO] [stdout]     |
[INFO] [stdout] 296 |                 Rc::new(Atom(3)),
[INFO] [stdout]     |                         ^^^^ not found in this scope
[INFO] [stdout]     |
[INFO] [stdout] help: consider importing this tuple variant
[INFO] [stdout]     |
[INFO] [stdout] 165 |     use Value::Atom;
[INFO] [stdout]     |
[INFO] [stdout] 
[INFO] [stdout] 
[INFO] [stdout] error[E0425]: cannot find function, tuple struct or tuple variant `Atom` in this scope
[INFO] [stdout]    --> src/lib.rs:297:25
[INFO] [stdout]     |
[INFO] [stdout] 297 |                 Rc::new(Atom(4))
[INFO] [stdout]     |                         ^^^^ not found in this scope
[INFO] [stdout]     |
[INFO] [stdout] help: consider importing this tuple variant
[INFO] [stdout]     |
[INFO] [stdout] 165 |     use Value::Atom;
[INFO] [stdout]     |
[INFO] [stdout] 
[INFO] [stdout] 
[INFO] [stdout] error[E0531]: cannot find tuple struct or tuple variant `Cell` in this scope
[INFO] [stdout]    --> src/lib.rs:304:13
[INFO] [stdout]     |
[INFO] [stdout] 304 |             Cell(a, b) => {
[INFO] [stdout]     |             ^^^^ not found in this scope
[INFO] [stdout]     |
[INFO] [stdout] help: consider importing this tuple variant
[INFO] [stdout]     |
[INFO] [stdout] 165 |     use Value::Cell;
[INFO] [stdout]     |
[INFO] [stdout] 
[INFO] [stdout] 
[INFO] [stdout] error[E0425]: cannot find value `Error` in this scope
[INFO] [stdout]    --> src/lib.rs:316:19
[INFO] [stdout]     |
[INFO] [stdout] 316 |         match eq(&Error) {
[INFO] [stdout]     |                   ^^^^^ not found in this scope
[INFO] [stdout]     |
[INFO] [stdout] help: consider importing one of these items
[INFO] [stdout]     |
[INFO] [stdout] 165 |     use Value::Error;
[INFO] [stdout]     |
[INFO] [stdout] 165 |     use std::fmt::Error;
[INFO] [stdout]     |
[INFO] [stdout] 
[INFO] [stdout] 
[INFO] [stdout] error[E0425]: cannot find function, tuple struct or tuple variant `Atom` in this scope
[INFO] [stdout]    --> src/lib.rs:324:19
[INFO] [stdout]     |
[INFO] [stdout] 324 |         match eq(&Atom(1)) {
[INFO] [stdout]     |                   ^^^^ not found in this scope
[INFO] [stdout]     |
[INFO] [stdout] help: consider importing this tuple variant
[INFO] [stdout]     |
[INFO] [stdout] 165 |     use Value::Atom;
[INFO] [stdout]     |
[INFO] [stdout] 
[INFO] [stdout] 
[INFO] [stdout] error[E0425]: cannot find function, tuple struct or tuple variant `Cell` in this scope
[INFO] [stdout]    --> src/lib.rs:332:19
[INFO] [stdout]     |
[INFO] [stdout] 332 |         match eq(&Cell(Rc::new(Atom(1)), Rc::new(Atom(1)))) {
[INFO] [stdout]     |                   ^^^^ not found in this scope
[INFO] [stdout]     |
[INFO] [stdout] help: consider importing this tuple variant
[INFO] [stdout]     |
[INFO] [stdout] 165 |     use Value::Cell;
[INFO] [stdout]     |
[INFO] [stdout] 
[INFO] [stdout] 
[INFO] [stdout] error[E0425]: cannot find function, tuple struct or tuple variant `Atom` in this scope
[INFO] [stdout]    --> src/lib.rs:332:32
[INFO] [stdout]     |
[INFO] [stdout] 332 |         match eq(&Cell(Rc::new(Atom(1)), Rc::new(Atom(1)))) {
[INFO] [stdout]     |                                ^^^^ not found in this scope
[INFO] [stdout]     |
[INFO] [stdout] help: consider importing this tuple variant
[INFO] [stdout]     |
[INFO] [stdout] 165 |     use Value::Atom;
[INFO] [stdout]     |
[INFO] [stdout] 
[INFO] [stdout] 
[INFO] [stdout] error[E0425]: cannot find function, tuple struct or tuple variant `Atom` in this scope
[INFO] [stdout]    --> src/lib.rs:332:50
[INFO] [stdout]     |
[INFO] [stdout] 332 |         match eq(&Cell(Rc::new(Atom(1)), Rc::new(Atom(1)))) {
[INFO] [stdout]     |                                                  ^^^^ not found in this scope
[INFO] [stdout]     |
[INFO] [stdout] help: consider importing this tuple variant
[INFO] [stdout]     |
[INFO] [stdout] 165 |     use Value::Atom;
[INFO] [stdout]     |
[INFO] [stdout] 
[INFO] [stdout] 
[INFO] [stdout] error[E0531]: cannot find tuple struct or tuple variant `Atom` in this scope
[INFO] [stdout]    --> src/lib.rs:333:13
[INFO] [stdout]     |
[INFO] [stdout] 333 |             Atom(1) => assert!(true),
[INFO] [stdout]     |             ^^^^ not found in this scope
[INFO] [stdout]     |
[INFO] [stdout] help: consider importing this tuple variant
[INFO] [stdout]     |
[INFO] [stdout] 165 |     use Value::Atom;
[INFO] [stdout]     |
[INFO] [stdout] 
[INFO] [stdout] 
[INFO] [stdout] error[E0425]: cannot find function, tuple struct or tuple variant `Cell` in this scope
[INFO] [stdout]    --> src/lib.rs:340:19
[INFO] [stdout]     |
[INFO] [stdout] 340 |         match eq(&Cell(Rc::new(Atom(1)), Rc::new(Atom(2)))) {
[INFO] [stdout]     |                   ^^^^ not found in this scope
[INFO] [stdout]     |
[INFO] [stdout] help: consider importing this tuple variant
[INFO] [stdout]     |
[INFO] [stdout] 165 |     use Value::Cell;
[INFO] [stdout]     |
[INFO] [stdout] 
[INFO] [stdout] 
[INFO] [stdout] error[E0425]: cannot find function, tuple struct or tuple variant `Atom` in this scope
[INFO] [stdout]    --> src/lib.rs:340:32
[INFO] [stdout]     |
[INFO] [stdout] 340 |         match eq(&Cell(Rc::new(Atom(1)), Rc::new(Atom(2)))) {
[INFO] [stdout]     |                                ^^^^ not found in this scope
[INFO] [stdout]     |
[INFO] [stdout] help: consider importing this tuple variant
[INFO] [stdout]     |
[INFO] [stdout] 165 |     use Value::Atom;
[INFO] [stdout]     |
[INFO] [stdout] 
[INFO] [stdout] 
[INFO] [stdout] error[E0425]: cannot find function, tuple struct or tuple variant `Atom` in this scope
[INFO] [stdout]    --> src/lib.rs:340:50
[INFO] [stdout]     |
[INFO] [stdout] 340 |         match eq(&Cell(Rc::new(Atom(1)), Rc::new(Atom(2)))) {
[INFO] [stdout]     |                                                  ^^^^ not found in this scope
[INFO] [stdout]     |
[INFO] [stdout] help: consider importing this tuple variant
[INFO] [stdout]     |
[INFO] [stdout] 165 |     use Value::Atom;
[INFO] [stdout]     |
[INFO] [stdout] 
[INFO] [stdout] 
[INFO] [stdout] error[E0531]: cannot find tuple struct or tuple variant `Atom` in this scope
[INFO] [stdout]    --> src/lib.rs:341:13
[INFO] [stdout]     |
[INFO] [stdout] 341 |             Atom(0) => assert!(true),
[INFO] [stdout]     |             ^^^^ not found in this scope
[INFO] [stdout]     |
[INFO] [stdout] help: consider importing this tuple variant
[INFO] [stdout]     |
[INFO] [stdout] 165 |     use Value::Atom;
[INFO] [stdout]     |
[INFO] [stdout] 
[INFO] [stdout] 
[INFO] [stdout] error[E0425]: cannot find function, tuple struct or tuple variant `Cell` in this scope
[INFO] [stdout]    --> src/lib.rs:348:19
[INFO] [stdout]     |
[INFO] [stdout] 348 |         match eq(&Cell(
[INFO] [stdout]     |                   ^^^^ not found in this scope
[INFO] [stdout]     |
[INFO] [stdout] help: consider importing this tuple variant
[INFO] [stdout]     |
[INFO] [stdout] 165 |     use Value::Cell;
[INFO] [stdout]     |
[INFO] [stdout] 
[INFO] [stdout] 
[INFO] [stdout] error[E0425]: cannot find function, tuple struct or tuple variant `Cell` in this scope
[INFO] [stdout]    --> src/lib.rs:349:21
[INFO] [stdout]     |
[INFO] [stdout] 349 |             Rc::new(Cell(
[INFO] [stdout]     |                     ^^^^ not found in this scope
[INFO] [stdout]     |
[INFO] [stdout] help: consider importing this tuple variant
[INFO] [stdout]     |
[INFO] [stdout] 165 |     use Value::Cell;
[INFO] [stdout]     |
[INFO] [stdout] 
[INFO] [stdout] 
[INFO] [stdout] error[E0425]: cannot find function, tuple struct or tuple variant `Atom` in this scope
[INFO] [stdout]    --> src/lib.rs:350:25
[INFO] [stdout]     |
[INFO] [stdout] 350 |                 Rc::new(Atom(1)),
[INFO] [stdout]     |                         ^^^^ not found in this scope
[INFO] [stdout]     |
[INFO] [stdout] help: consider importing this tuple variant
[INFO] [stdout]     |
[INFO] [stdout] 165 |     use Value::Atom;
[INFO] [stdout]     |
[INFO] [stdout] 
[INFO] [stdout] 
[INFO] [stdout] error[E0425]: cannot find function, tuple struct or tuple variant `Atom` in this scope
[INFO] [stdout]    --> src/lib.rs:351:25
[INFO] [stdout]     |
[INFO] [stdout] 351 |                 Rc::new(Atom(2)),
[INFO] [stdout]     |                         ^^^^ not found in this scope
[INFO] [stdout]     |
[INFO] [stdout] help: consider importing this tuple variant
[INFO] [stdout]     |
[INFO] [stdout] 165 |     use Value::Atom;
[INFO] [stdout]     |
[INFO] [stdout] 
[INFO] [stdout] 
[INFO] [stdout] error[E0425]: cannot find function, tuple struct or tuple variant `Cell` in this scope
[INFO] [stdout]    --> src/lib.rs:353:21
[INFO] [stdout]     |
[INFO] [stdout] 353 |             Rc::new(Cell(
[INFO] [stdout]     |                     ^^^^ not found in this scope
[INFO] [stdout]     |
[INFO] [stdout] help: consider importing this tuple variant
[INFO] [stdout]     |
[INFO] [stdout] 165 |     use Value::Cell;
[INFO] [stdout]     |
[INFO] [stdout] 
[INFO] [stdout] 
[INFO] [stdout] error[E0425]: cannot find function, tuple struct or tuple variant `Atom` in this scope
[INFO] [stdout]    --> src/lib.rs:354:25
[INFO] [stdout]     |
[INFO] [stdout] 354 |                 Rc::new(Atom(1)),
[INFO] [stdout]     |                         ^^^^ not found in this scope
[INFO] [stdout]     |
[INFO] [stdout] help: consider importing this tuple variant
[INFO] [stdout]     |
[INFO] [stdout] 165 |     use Value::Atom;
[INFO] [stdout]     |
[INFO] [stdout] 
[INFO] [stdout] 
[INFO] [stdout] error[E0425]: cannot find function, tuple struct or tuple variant `Atom` in this scope
[INFO] [stdout]    --> src/lib.rs:355:25
[INFO] [stdout]     |
[INFO] [stdout] 355 |                 Rc::new(Atom(2)),
[INFO] [stdout]     |                         ^^^^ not found in this scope
[INFO] [stdout]     |
[INFO] [stdout] help: consider importing this tuple variant
[INFO] [stdout]     |
[INFO] [stdout] 165 |     use Value::Atom;
[INFO] [stdout]     |
[INFO] [stdout] 
[INFO] [stdout] 
[INFO] [stdout] error[E0531]: cannot find tuple struct or tuple variant `Atom` in this scope
[INFO] [stdout]    --> src/lib.rs:358:13
[INFO] [stdout]     |
[INFO] [stdout] 358 |             Atom(1) => assert!(true),
[INFO] [stdout]     |             ^^^^ not found in this scope
[INFO] [stdout]     |
[INFO] [stdout] help: consider importing this tuple variant
[INFO] [stdout]     |
[INFO] [stdout] 165 |     use Value::Atom;
[INFO] [stdout]     |
[INFO] [stdout] 
[INFO] [stdout] 
[INFO] [stdout] error[E0425]: cannot find function, tuple struct or tuple variant `Cell` in this scope
[INFO] [stdout]    --> src/lib.rs:365:23
[INFO] [stdout]     |
[INFO] [stdout] 365 |         let v = swap(&Cell(Rc::new(Atom(1)), Rc::new(Atom(2))));
[INFO] [stdout]     |                       ^^^^ not found in this scope
[INFO] [stdout]     |
[INFO] [stdout] help: consider importing this tuple variant
[INFO] [stdout]     |
[INFO] [stdout] 165 |     use Value::Cell;
[INFO] [stdout]     |
[INFO] [stdout] 
[INFO] [stdout] 
[INFO] [stdout] error[E0425]: cannot find function, tuple struct or tuple variant `Atom` in this scope
[INFO] [stdout]    --> src/lib.rs:365:36
[INFO] [stdout]     |
[INFO] [stdout] 365 |         let v = swap(&Cell(Rc::new(Atom(1)), Rc::new(Atom(2))));
[INFO] [stdout]     |                                    ^^^^ not found in this scope
[INFO] [stdout]     |
[INFO] [stdout] help: consider importing this tuple variant
[INFO] [stdout]     |
[INFO] [stdout] 165 |     use Value::Atom;
[INFO] [stdout]     |
[INFO] [stdout] 
[INFO] [stdout] 
[INFO] [stdout] error[E0425]: cannot find function, tuple struct or tuple variant `Atom` in this scope
[INFO] [stdout]    --> src/lib.rs:365:54
[INFO] [stdout]     |
[INFO] [stdout] 365 |         let v = swap(&Cell(Rc::new(Atom(1)), Rc::new(Atom(2))));
[INFO] [stdout]     |                                                      ^^^^ not found in this scope
[INFO] [stdout]     |
[INFO] [stdout] help: consider importing this tuple variant
[INFO] [stdout]     |
[INFO] [stdout] 165 |     use Value::Atom;
[INFO] [stdout]     |
[INFO] [stdout] 
[INFO] [stdout] 
[INFO] [stdout] error[E0531]: cannot find tuple struct or tuple variant `Cell` in this scope
[INFO] [stdout]    --> src/lib.rs:367:13
[INFO] [stdout]     |
[INFO] [stdout] 367 |             Cell(ref a, ref b) => {
[INFO] [stdout]     |             ^^^^ not found in this scope
[INFO] [stdout]     |
[INFO] [stdout] help: consider importing this tuple variant
[INFO] [stdout]     |
[INFO] [stdout] 165 |     use Value::Cell;
[INFO] [stdout]     |
[INFO] [stdout] 
[INFO] [stdout] 
[INFO] [stdout] warning: unused imports: `Value`, `kind`
[INFO] [stdout]    --> src/lib.rs:165:18
[INFO] [stdout]     |
[INFO] [stdout] 165 |     use super::{ Value, kind, sub, eq, swap, eval };
[INFO] [stdout]     |                  ^^^^^  ^^^^
[INFO] [stdout]     |
[INFO] [stdout]     = note: `#[warn(unused_imports)]` on by default
[INFO] [stdout] 
[INFO] [stdout] 
[INFO] [stdout] error[E0308]: mismatched types
[INFO] [stdout]    --> src/lib.rs:141:47
[INFO] [stdout]     |
[INFO] [stdout] 141 |                   Cell(ref b, ref c) => Rc::new(eval_cell(
[INFO] [stdout]     |  _______________________________________________^
[INFO] [stdout] 142 | |                     &eval_cell(&a, &b),
[INFO] [stdout] 143 | |                     &eval_cell(&a, &c)
[INFO] [stdout] 144 | |                 ))
[INFO] [stdout]     | |_________________^ expected enum `Value`, found struct `Rc`
[INFO] [stdout]     |
[INFO] [stdout]     = note: expected enum `Value`
[INFO] [stdout]              found struct `Rc<Value>`
[INFO] [stdout] 
[INFO] [stdout] 
[INFO] [stdout] error[E0308]: mismatched types
[INFO] [stdout]    --> src/lib.rs:152:60
[INFO] [stdout]     |
[INFO] [stdout] 152 |                 (Some(0), Some((ref b, ref c))) => Rc::new(b),
[INFO] [stdout]     |                                                            ^ expected enum `Value`, found `&Rc<Value>`
[INFO] [stdout]     |
[INFO] [stdout]     = note:   expected enum `Value`
[INFO] [stdout]             found reference `&Rc<Value>`
[INFO] [stdout] 
[INFO] [stdout] 
[INFO] [stdout] error[E0308]: mismatched types
[INFO] [stdout]    --> src/lib.rs:153:60
[INFO] [stdout]     |
[INFO] [stdout] 153 |                 (Some(1), Some((ref b, ref c))) => Rc::new(c),
[INFO] [stdout]     |                                                            ^ expected enum `Value`, found `&Rc<Value>`
[INFO] [stdout]     |
[INFO] [stdout]     = note:   expected enum `Value`
[INFO] [stdout]             found reference `&Rc<Value>`
[INFO] [stdout] 
[INFO] [stdout] 
[INFO] [stdout] error: aborting due to 3 previous errors
[INFO] [stdout] 
[INFO] [stdout] 
[INFO] [stdout] For more information about this error, try `rustc --explain E0308`.
[INFO] [stdout] 
[INFO] [stderr] error: could not compile `intent`.
[INFO] [stderr] 
[INFO] [stderr] To learn more, run the command again with --verbose.
[INFO] [stderr] warning: build failed, waiting for other jobs to finish...
[INFO] [stdout] error[E0308]: mismatched types
[INFO] [stdout]    --> src/lib.rs:141:47
[INFO] [stdout]     |
[INFO] [stdout] 141 |                   Cell(ref b, ref c) => Rc::new(eval_cell(
[INFO] [stdout]     |  _______________________________________________^
[INFO] [stdout] 142 | |                     &eval_cell(&a, &b),
[INFO] [stdout] 143 | |                     &eval_cell(&a, &c)
[INFO] [stdout] 144 | |                 ))
[INFO] [stdout]     | |_________________^ expected enum `Value`, found struct `Rc`
[INFO] [stdout]     |
[INFO] [stdout]     = note: expected enum `Value`
[INFO] [stdout]              found struct `Rc<Value>`
[INFO] [stdout] 
[INFO] [stdout] 
[INFO] [stdout] error[E0308]: mismatched types
[INFO] [stdout]    --> src/lib.rs:152:60
[INFO] [stdout]     |
[INFO] [stdout] 152 |                 (Some(0), Some((ref b, ref c))) => Rc::new(b),
[INFO] [stdout]     |                                                            ^ expected enum `Value`, found `&Rc<Value>`
[INFO] [stdout]     |
[INFO] [stdout]     = note:   expected enum `Value`
[INFO] [stdout]             found reference `&Rc<Value>`
[INFO] [stdout] 
[INFO] [stdout] 
[INFO] [stdout] error[E0308]: mismatched types
[INFO] [stdout]    --> src/lib.rs:153:60
[INFO] [stdout]     |
[INFO] [stdout] 153 |                 (Some(1), Some((ref b, ref c))) => Rc::new(c),
[INFO] [stdout]     |                                                            ^ expected enum `Value`, found `&Rc<Value>`
[INFO] [stdout]     |
[INFO] [stdout]     = note:   expected enum `Value`
[INFO] [stdout]             found reference `&Rc<Value>`
[INFO] [stdout] 
[INFO] [stdout] 
[INFO] [stdout] error: aborting due to 65 previous errors; 1 warning emitted
[INFO] [stdout] 
[INFO] [stdout] 
[INFO] [stdout] Some errors have detailed explanations: E0308, E0425, E0531.
[INFO] [stdout] 
[INFO] [stdout] For more information about an error, try `rustc --explain E0308`.
[INFO] [stdout] 
[INFO] [stderr] error: build failed
[INFO] running `Command { std: "docker" "inspect" "fa29d2655576c0f40d24b8cbf9bd39ebbaf8ecb48a80c6944c1a752f273a3d3e", kill_on_drop: false }`
[INFO] running `Command { std: "docker" "rm" "-f" "fa29d2655576c0f40d24b8cbf9bd39ebbaf8ecb48a80c6944c1a752f273a3d3e", kill_on_drop: false }`
[INFO] [stdout] fa29d2655576c0f40d24b8cbf9bd39ebbaf8ecb48a80c6944c1a752f273a3d3e
